ommon divisor of 2433 and 9?
3
What is the highest common factor of 21804 and 14694?
474
Calculate the greatest common factor of 116303 and 388.
97
Calculate the highest common divisor of 1592703 and 3402.
567
What is the highest common factor of 64864 and 224?
32
What is the greatest common divisor of 2400 and 221500?
100
What is the greatest common divisor of 12597 and 3952?
247
Calculate the highest common divisor of 3846 and 258.
6
What is the highest common factor of 477 and 7281?
9
What is the greatest common divisor of 28331 and 943?
41
Calculate the greatest common divisor of 1998 and 3034.
74
What is the greatest common divisor of 15842 and 2403?
89
Calculate the highest common divisor of 9 and 287613.
9
What is the highest common factor of 903 and 12552603?
903
What is the highest common factor of 13332 and 7878?
606
What is the highest common factor of 7020 and 495?
45
Calculate the highest common factor of 106464 and 576.
96
What is the highest common factor of 6386 and 3914?
206
What is the highest common factor of 424 and 4504?
8
Calculate the highest common divisor of 46200 and 15862.
154
What is the greatest common factor of 7176 and 4278?
138
Calculate the highest common factor of 172 and 25198.
86
Calculate the greatest common factor of 15 and 37095.
15
What is the highest common divisor of 1419 and 209847?
33
Calculate the greatest common divisor of 50 and 1246430.
10
What is the greatest common divisor of 1633 and 23927?
71
What is the greatest common factor of 22608 and 55008?
144
What is the highest common divisor of 74088 and 5544?
504
Calculate the greatest common divisor of 1503 and 20875.
167
What is the greatest common factor of 12827 and 2413?
127
What is the greatest common factor of 1536 and 324?
12
What is the highest common factor of 571818 and 273?
39
Calculate the highest common factor of 184 and 11477.
23
What is the highest common factor of 47243 and 238?
119
Calculate the highest common divisor of 53454 and 708.
354
What is the highest common factor of 20608 and 384?
128
Calculate the greatest common divisor of 143832 and 26.
26
Calculate the greatest common factor of 298102 and 30709.
749
Calculate the highest common divisor of 547 and 1.
1
Calculate the greatest common divisor of 5475 and 14892.
219
What is the greatest common factor of 18800 and 1645?
235
What is the greatest common factor of 645 and 25?
5
What is the greatest common divisor of 28 and 4128?
4
Calculate the greatest common divisor of 11 and 2411805.
11
What is the greatest common factor of 888 and 2368?
296
Calculate the greatest common divisor of 2512 and 725497.
157
Calculate the highest common divisor of 48 and 43620.
12
Calculate the greatest common factor of 1486175 and 25.
25
What is the greatest common factor of 480 and 1350?
30
What is the highest common divisor of 11776 and 1014944?
736
What is the greatest common factor of 8832 and 18?
6
What is the highest common factor of 81540 and 240?
60
Calculate the highest common divisor of 4752 and 155628.
1188
What is the greatest common divisor of 14922 and 469214?
1658
What is the greatest common factor of 30796 and 6?
2
What is the greatest common divisor of 44 and 4569994?
22
What is the greatest common divisor of 3584 and 30632?
56
Calculate the highest common factor of 2241 and 34611.
249
Calculate the highest common divisor of 505808 and 48.
16
Calculate the highest common factor of 282999 and 4833.
537
Calculate the greatest common factor of 837 and 9300.
93
What is the greatest common divisor of 36 and 4716?
36
What is the highest common divisor of 324 and 2565?
27
Calculate the highest common factor of 493 and 16936.
29
Calculate the highest common factor of 1952 and 192.
32
Calculate the greatest common divisor of 70414 and 2180.
218
Calculate the highest common factor of 553 and 6559.
7
Calculate the highest common factor of 186669 and 36.
9
Calculate the highest common factor of 3 and 158997.
3
Calculate the highest common divisor of 130 and 1535690.
130
Calculate the greatest common divisor of 38597 and 325.
13
Calculate the highest common factor of 45 and 67215.
15
What is the greatest common factor of 239103 and 279?
279
Calculate the greatest common divisor of 33 and 704.
11
What is the highest common divisor of 121 and 979?
11
Calculate the highest common factor of 11457949 and 89.
89
Calculate the greatest common divisor of 8596 and 5068.
28
What is the highest common factor of 860 and 202788?
172
Calculate the greatest common divisor of 7245 and 97405.
805
Calculate the greatest common factor of 24 and 366456.
24
What is the highest common divisor of 7455 and 18105?
1065
Calculate the highest common factor of 13376 and 1463.
209
Calculate the greatest common factor of 20 and 1341910.
10
What is the highest common factor of 87703 and 469?
469
What is the greatest common divisor of 10 and 19210?
10
Calculate the highest common factor of 364 and 1057980.
28
Calculate the greatest common factor of 290 and 75370.
10
Calculate the greatest common divisor of 559 and 135837.
559
What is the greatest common factor of 352 and 146912?
32
What is the greatest common divisor of 563567 and 51?
17
Calculate the greatest common divisor of 14872 and 16.
8
What is the greatest common divisor of 71324 and 220?
44
What is the greatest common divisor of 7453 and 2827?
257
Calculate the greatest common factor of 24486 and 174582.
318
Calculate the highest common divisor of 245466 and 702.
234
What is the highest common divisor of 3485 and 221?
17
What is the highest common factor of 583843 and 291?
97
Calculate the highest common factor of 3024 and 29862.
378
What is the greatest common factor of 26 and 3692?
26
Calculate the greatest common factor of 675771 and 6.
3
What is the greatest common divisor of 1140 and 24810?
30
What is the greatest common factor of 10 and 98830?
10
Calculate the highest common factor of 2175 and 15660.
435
Calculate the greatest common factor of 6861 and 9.
3
Calculate the greatest common factor of 1983228 and 624.
156
Calculate the highest common divisor of 10971 and 414.
207
What is the greatest common factor of 23922 and 375?
3
Calculate the highest common divisor of 158 and 127822.
158
Calculate the highest common divisor of 1320306 and 6.
6
Calculate the highest common divisor of 464 and 5779120.
464
What is the highest common divisor of 1247 and 3139?
43
Calculate the highest common divisor of 198 and 19536.
66
Calculate the highest common divisor of 25872 and 285648.
528
Calculate the highest common divisor of 33352 and 1895.
379
What is the greatest common divisor of 2171 and 8447361?
2171
Calculate the greatest common divisor of 2932242 and 1588.
794
What is the highest common factor of 42926 and 182?
26
Calculate the highest common factor of 4462 and 414.
46
What is the greatest common factor of 30967 and 1903?
173
What is the greatest common divisor of 96 and 863016?
24
Calculate the greatest common divisor of 26 and 414674.
26
Calculate the greatest common divisor of 40377 and 516.
129
What is the greatest common factor of 60 and 208995?
15
Calculate the greatest common divisor of 19035 and 5217.
141
Calculate the greatest common divisor of 9984 and 97890.
78
Calculate the highest common factor of 380 and 23845.
95
Calculate the greatest common divisor of 615 and 1620.
15
What is the greatest common divisor of 425 and 2302055?
85
Calculate the highest common divisor of 730930 and 190.
190
Calculate the greatest common divisor of 35629 and 74866.
451
Calculate the greatest common divisor of 323960 and 20470.
890
Calculate the greatest common factor of 14 and 362642.
14
What is the greatest common factor of 56831 and 238?
17
What is the highest common factor of 15 and 503148?
3
Calculate the greatest common factor of 14 and 69818.
14
What is the greatest common divisor of 8640 and 50220?
540
Calculate the greatest common divisor of 45 and 7399380.
15
What is the highest common factor of 53496 and 72?
72
Calculate the highest common divisor of 7139 and 3953.
59
What is the highest common factor of 834937 and 22030?
2203
What is the highest common divisor of 440 and 18920?
440
Calculate the greatest common divisor of 38173 and 20704.
647
Calculat